of h?
1
Let c(f) be the first derivative of -f**2 - 7*f - 3. What is the units digit of c(-8)?
9
Let t(f) = f - 6. Let p be t(6). Let g be (8 - p)/(2/4). Let r = 35 - g. What is the tens digit of r?
1
Let d = 61 - 48. What is the units digit of d?
3
Let j = -5 - -7. Suppose 3*p = -i - j*i + 27, i + 4*p = 0. What is the units digit of i?
2
What is the tens digit of (-2 - 0)*(9 - 79)?
4
Let m(z) = -7*z. Let k be m(-5). What is the tens digit of (-5 - 3/(-1)) + k?
3
Suppose -2*c + 86 = 5*v, v + 0*v - 7 = 3*c. What is the tens digit of v?
1
Suppose -26 - 97 = -3*t + 3*q, q + 193 = 5*t. What is the tens digit of t?
3
Let w be 30/4*8/12. Suppose -w*a - 4*j - 16 = -a, -j = 2. What is the units digit of (1 + -2)/(a/10)?
5
Suppose -z - 4*h + h = -40, 81 = 3*z - 4*h. What is the tens digit of z?
3
What is the tens digit of 4*(4/10 - 1736/(-160))?
4
Let n = 4 - -14. What is the units digit of n*((-14)/4 + 4)?
9
What is the tens digit of ((7 - 3) + 0)*(-327)/(-12)?
0
What is the tens digit of 344/4 + 0 + (3 - 3)?
8
Suppose 13 = -2*d + 61. Let f = -3 + 6. Suppose -c - f*c = -d. What is the units digit of c?
6
Let l(c) = c**3 + 30. What is the tens digit of l(0)?
3
Let o(t) = t**2 + 45. What is the units digit of o(0)?
5
Let n be ((-9)/(-6))/((-9)/12). What is the units digit of 860/70 + n/7?
2
Let u(f) = 9*f - 19. What is the tens digit of u(6)?
3
Suppose -5*z + 4*z = -57. What is the units digit of z?
7
Suppose -4*a = -274 - 78. What is the tens digit of a?
8
Let v be 1*33 - (-4 + 1). Let m = v - -16. Suppose -m = -4*a - 0*a. What is the tens digit of a?
1
Let y(a) = 4*a**2 - a. Let h be y(1). Suppose x - h*x + 14 = 0. What is the units digit of x?
7
Let k = 50 + 1. What is the tens digit of k?
5
Let p(o) = 7*o**3 + 2*o**2 - 2. What is the hundreds digit of p(3)?
2
Suppose 3*c - 263 = -i, 55 = 3*c - 5*i - 232. What is the units digit of c?
9
Let i be (2/(-6))/(1/3). Let x be 3 - 2 - (2 - i). Let c = x + 14. What is the units digit of c?
2
Suppose -i = -6 + 1. Suppose -i*s + 391 = -29. Suppose 7*k - s = 3*k. What is the units digit of k?
1
Let i(z) = -z**3 + 25. Let j be i(0). Let u = j + -15. What is the units digit of u?
0
Suppose -2*t + 13 - 3 = 0. Suppose -5*s + s + 108 = 2*v, -t*s + 128 = -v. What is the tens digit of s?
2
Suppose -19 + 1 = -c. What is the units digit of c?
8
Let o be ((-6)/(-4))/((-6)/8). Let t = 3 - o. What is the units digit of t?
5
Let i = 11 + -18. Let c = i + 17. What is the tens digit of c?
1
Suppose g = -0*g. Suppose -l + u + 56 = g, u = 5*l - 5 - 271. Suppose -2*x = 3*x + 5*i - l, 6 = -2*i. What is the tens digit of x?
1
What is the units digit of -14 + 12 - (-121)/1?
9
Let o = 70 + -70. Let i(z) = 4*z. Let y be i(3). Suppose 2*b - y = -o. What is the units digit of b?
6
Let l = 102 - -45. What is the hundreds digit of l?
1
Suppose -4*h - 5*s = -6*s - 121, h = -5*s + 25. What is the tens digit of h?
3
Let m be 3 + (21 - 4)*2. Let f = m - 20. What is the units digit of f?
7
Suppose -3*z + 0*z - 12 = 0. Let s(j) = j**2 + 3*j - 1. Let b be s(z). Suppose -3 = -b*k + 3. What is the units digit of k?
2
Let l be (-7)/(42/(-4))*6. Let g = l + -1. What is the units digit of g?
3
Suppose -2*d = 2*d + 5*o + 29, -d + 2*o = -9. Let v be (4 + d)/(2 - 1). Let i = v + 0. What is the units digit of i?
3
Suppose 4*j + l - 346 = 0, -4*j - 3*l = -5*j + 93. What is the units digit of j?
7
Suppose 0 = o + 3*l - 124, 5*l + 520 = 5*o - 0*o. What is the tens digit of o?
0
Suppose 0 = 4*j - 6*j + 12. What is the units digit of j?
6
Suppose -18 = 2*t - 3*t. What is the units digit of t?
8
Let u(q) = q - 14. Let s be u(0). Let a(z) = -z - 6. What is the units digit of a(s)?
8
Let b = 408 - 275. What is the tens digit of b?
3
Suppose 5*r - 210 - 30 = 0. What is the tens digit of r?
4
Let p = -30 + 56. What is the tens digit of p?
2
Let b(n) = 10*n**3 - n**2 + 6*n - 6. Let h(y) = 3*y**3 + 2*y - 2. Let w(q) = 2*b(q) - 7*h(q). Let m be w(-2). What is the units digit of m + 1 - (-5 - -3)?
9
Let l(b) = -1 + 24*b + 1. Let k be l(1). Suppose 3*z - 12 = k. What is the tens digit of z?
1
Let o(j) = j**3 + 10*j**2 + 10*j + 12. Let l be o(-9). Suppose -y + 5 = -2*p + 5*p, l*y - 1 = 5*p. What is the units digit of y?
2
What is the tens digit of ((-99)/(-2))/(3/6)?
9
Let u = 145 - 79. What is the units digit of u?
6
Let p be 1 + -4 - 120/(-1). Suppose 4*z + 37 = p. What is the tens digit of z?
2
Suppose -4*q = 5*k - 5*q - 11, 5*k + q = 19. Let u(b) = -b**k - 6*b - 2*b**2 - b + 7 - b**2 + 11*b**2. What is the units digit of u(7)?
7
Let s = -177 + 306. What is the hundreds digit of s?
1
Let t = 10 - -146. What is the tens digit of t?
5
Let d(f) = -6*f**3 + 4*f - 2*f**2 + 7*f**3 + 2 + 6*f**2. What is the units digit of d(-2)?
2
Suppose 3*g - 31 = 38. What is the tens digit of g?
2
Let d(m) = -m**3 + 9*m**2 - 10*m + 8. What is the tens digit of d(6)?
5
Let l be (4/(-3))/((-1)/9). Let c = l - 5. What is the units digit of c?
7
Suppose -4*a - o + 56 = -0*o, a + 1 = -4*o. What is the units digit of a?
5
Let m be 2/(-14) + 576/112. Suppose -3 + 38 = m*w. What is the units digit of w?
7
Let p(y) = 2*y**2 + 35. What is the tens digit of p(7)?
3
Suppose -3*l = -12 - 21. Let m(j) = -j**3 + 10*j**2 + 12*j - 5. What is the units digit of m(l)?
6
Suppose -2*b = 3*t + 16 + 10, 4*b + 36 = 2*t. What is the units digit of -30*(-2 + (-16)/b)?
2
Suppose -w - 29 = -5*t, -3*w - 72 = -5*t - 15. Let s = 48 + w. What is the tens digit of s?
3
Suppose 4*h - 4 - 12 = 0. Suppose -4*j = 4*l - 8, 0 = -l + h*l - 12. What is the tens digit of 9*(2/(-3) - j)?
1
What is the units digit of (-8 - -10) + 65 + 0?
7
Let b(j) = 16*j**2 + 6*j + 15. What is the units digit of b(-4)?
7
Suppose 0 = l + 3 - 36. What is the tens digit of l?
3
Let a be (-3)/5 + (-23)/(-5). Suppose a*f - 60 = -2*x + x, -20 = 5*x. What is the units digit of f?
6
Suppose 17*i - 2028 = 11*i. What is the tens digit of i?
3
Let n(a) be the first derivative of 20*a**3/3 - a**2/2 + a + 1. Let r(z) = z**3 - z**2 - 2*z + 1. Let t be r(2). What is the units digit of n(t)?
0
Let t = -112 + 190. What is the tens digit of 1/(t/38 + -2)?
1
Suppose 5*p - 338 = 67. What is the units digit of p?
1
Let a(q) = -12*q + 4. Let s be a(4). Let p = s + 68. What is the units digit of p?
4
Let j be (6/9)/((-2)/141). Let a = j - -71. Suppose -3*o = 2*q - a, q + q = o + 32. What is the tens digit of q?
1
What is the tens digit of (-298)/(-14) - 2/7?
2
Suppose 0 = -4*r + r + 12. Suppose 3*z + d + 33 = 0, -r*z + 5*d - 28 = d. What is the units digit of 1/5 - 98/z?
0
Suppose k = -k - 4. Let u be (-1 + 15)/(0 + k). Let a = u - -11. What is the units digit of a?
4
What is the units digit of 1 - (2 - 89) - 3/3?
7
What is the units digit of ((-6)/(-8))/((-3)/(-84))?
1
Suppose -2*n - 2*v + 58 = 0, -3*v = -0*n + 4*n - 111. What is the tens digit of n?
2
Suppose -2*v + 4 = 2*p, -4*v + 12 + 0 = 0. Let x be p/1 - (4 + -7). What is the tens digit of 138/9 + x/(-6)?
1
Let q(v) = 4*v + 5. Let n(z) = -z - 1. Let j(l) = -26*n(l) - 6*q(l). What is the units digit of j(5)?
6
What is the units digit of 0 + 2 + 2/2?
3
Let h = 7 + 5. What is the tens digit of h?
1
Suppose -l - 3*l - 80 = -4*h, 0 = h + 2*l - 8. Suppose 22 = b - h. Suppose r = -3*t + 2, 0*r + 5*r - b = -t. What is the units digit of r?
8
Suppose 0 = 6*b - 4*b - 92. What is the units digit of b?
6
What is the units digit of 4/(84/1203) - (-4)/(-14)?
7
Let z(g) = g**2 + 10*g + 15. Let w be (-1 - -13)/(1 + 0). Let l = -22 + w. What is the tens digit of z(l)?
1
Let a(l) = 2*l - 7. Let o be a(5). Let t(v) = -4*v - v**o + 5*v**2 - 5 + v + v. What is the units digit of t(4)?
3
Let h = -229 + 408. Suppose -h + 20 = -3*q. What is the units digit of q?
3
Suppose 5*z + 3*z = 11*z. Suppose -k + 3 = -0*k. Let a = k - z. What is the units digit of a?
3
Suppose -w - 4 = -2*w. Suppose -w*v - 81 = -7*v. What is the tens digit of v?
2
Let t = -7 - -12. Suppose -t*z + 30 = -2*z. Suppose -2*m + 3*o + z = -14, 4*m = 5*o + 46. What is the units digit of m?
9
Let c be 33/9 + 1/3. Suppose 14 = 4*s - 2*y, c*y + y - 10 = s. Suppose -s*h = 3*g - 17, -2*g - 4*h = h - 8. What is the units digit of g?
9
Let p(z) = -z - 2*z**2 + 3*z**2 - 5*z + 1. What is the units digit of p(6)?
1
Let l = -18 - -21. Suppose l*w + 4*s - 110 = 0, w = 3*s - 6*s